re the prime factors of w?
23
Suppose 0*l - x = 2*l - 39, -36 = -2*l - 4*x. Let w be (-1)/(2/(-4)) - l. What are the prime factors of w/(-12)*(7 + -1)?
3
Let d(h) = h**3 - 8*h**2 + h - 2. What are the prime factors of d(8)?
2, 3
Let g be 20/(-2)*(-5)/(-2). Let t = -10 - g. Suppose -4*h = -7*h - 3*j + t, h = -2*j + 6. List the prime factors of h.
2
Suppose 0 = -0*f + f + 16. Let b = 2 - f. List the prime factors of b.
2, 3
Let d(c) = -c**3 + 10*c**2 - 8*c - 4. Let w be d(9). Let l(k) = k**2 + 7 + 1 + w*k + 6 - 5. List the prime factors of l(-6).
3, 5
Suppose -2*v + j - 14 = v, -2*j = v + 14. Let o = v + 10. List the prime factors of o.
2
Let h(g) = g**2 + 6*g + 9. Suppose 21 = -0*f + f. Suppose -i + 9 = -2*s + 21, f = -3*i + s. What are the prime factors of h(i)?
3
Let q = 48 - 33. Let b be (-6)/q + 27/5. Suppose -5*c + 39 + 26 = -5*s, b*s = -25. What are the prime factors of c?
2
Suppose 0 = -n + 2*p + 318, -433 - 195 = -2*n - 4*p. What are the prime factors of n?
2, 79
Let u be (-4)/(-18) - (-390)/(-54). Let x = u + 23. What are the prime factors of x?
2
Let s(g) = g + 19. Let k(z) = -2*z - 37. Let u(y) = -3*k(y) - 5*s(y). What are the prime factors of u(11)?
3
List the prime factors of 0 + (4 - (-109 + 0)).
113
Let p(s) = 3*s**2 - s - 27. What are the prime factors of p(-5)?
53
Suppose -7*h + 104 = -183. List the prime factors of h.
41
Suppose -o + 17 = -3*c, -5*o + 3*o = -c - 14. What are the prime factors of o?
5
Suppose -2*n = -3*i + 31, -n = -8*i + 3*i + 19. Let k = n + 27. List the prime factors of k.
13
Suppose 7*z - 86 = -i + 2*z, z - 2 = 0. What are the prime factors of i?
2, 19
Suppose 0 = 5*y + 3*x - x - 65, 4*y - 29 = 3*x. Let k = y - 0. List the prime factors of k.
11
Suppose 127 = 5*l - 4*x, 2*l + 0*l = -3*x + 60. What are the prime factors of l?
3
Let v = -4 + 4. Suppose -3*k = -v + 15, 4*k + 29 = -3*j. What are the prime factors of 1/(-3) - 7/j?
2
Suppose 0 = -x + 2*u + 8, -4*x + 35 = -0*x - 5*u. What are the prime factors of (-4)/10 - (-384)/x?
2, 19
Suppose -x + 341 = 4*c, -2*x - 59 = -3*c - 741. What are the prime factors of x?
11, 31
Suppose -2*v - 1 = -91. List the prime factors of (10/3)/(3/v).
2, 5
Suppose 38 = 3*l - f, 4*l + f - 80 + 20 = 0. What are the prime factors of l - -30 - (-1 - 0)?
3, 5
Suppose -4*t + 4*u = -60, -5*t - 3*u + 36 + 7 = 0. Suppose -2*b + 3 = 4*h - 9, t = 4*b - 5*h. What are the prime factors of b/6*(6 - 0)?
2
Suppose -6 = -3*p + 9. Let u = 18 - p. What are the prime factors of u?
13
Let a(l) = -l + 1. Let w be (0 + 1)/(2/24). Let x(m) = 8*m - 6. Let d(b) = w*a(b) + 2*x(b). What are the prime factors of d(2)?
2
Let h(i) = 3*i**2 + 0 + 2 + 3 - 4*i - 3. What are the prime factors of h(4)?
2, 17
Let m be 4/((-1)/((-1)/2)). Suppose 5*u = -5*w + 25 + 20, m*w = 4*u - 12. List the prime factors of u.
5
Let q(p) = -9*p + 9. Let v be q(-8). Suppose -3*y - 3*z + v = -0*z, -3*z = -3*y + 87. List the prime factors of y.
2, 7
Let v(z) = z**2. Let o be v(-2). Suppose -4*x = g - 5, 4*x + 2 = 4*g + 2*x. Suppose -g - 15 = -o*t. What are the prime factors of t?
2
Suppose 2*j = -3*u + 204, -6*j = -2*j. Let v = -21 + u. What are the prime factors of v?
47
Let g(i) = i**2 + 3*i + 1. Let p be g(-6). Let m = p + -10. What are the prime factors of m?
3
Suppose 4*w = -3*x + 191, -3*x + 159 = -5*w - 68. Suppose -2*s + x = 5*k, 3*k + 5*s - 15 = k. What are the prime factors of k?
3, 5
Let x(j) = 17*j + 71. List the prime factors of x(12).
5, 11
Let a(l) = l**2 - 6*l + 6. Let y be a(6). Suppose -12 = 2*u - y*u. Suppose 0 = 4*j + 3*d - 18, u*j - 4*d = -7*d + 12. What are the prime factors of j?
2, 3
Let d = 2 + 1. Suppose h - 2*h + 36 = 5*t, 0 = h + d*t - 30. What are the prime factors of h?
3, 7
Suppose 18 = t - 31. Suppose 5*n + 9 - t = 0. What are the prime factors of n?
2
What are the prime factors of (-1)/(-1) + (27 - -1)?
29
Suppose 3*r + 35 = 5*g, -g - 4*r - 28 = -3*g. Suppose -g*x - v - 18 = 0, -4 = 5*x + 5*v + 26. List the prime factors of 3 + x - (-5 + 1).
3
What are the prime factors of ((-186)/9 - -2)*-3?
2, 7
Let g be (3 - -1)*(-2)/(-4). Suppose 5*j - g*j - 18 = 0. List the prime factors of j.
2, 3
Suppose v = z + 8, 0 = -0*z - z + 2*v - 12. Let w be 4*(15/2 + 0). List the prime factors of 2/(-3)*w/z.
5
Let o(r) = r**3 - 1. Let b be o(-1). Let d = 6 + b. List the prime factors of d.
2
Suppose -2*m + 3*w = 3*m, 22 = -m + 5*w. Suppose m*p - 96 - 39 = 0. Suppose -2*c + p = 3*c. What are the prime factors of c?
3
Suppose 3*z + 0*b = -b + 40, 5*b = 20. Let x = z + 9. What are the prime factors of x?
3, 7
Let h = 2 + 1. What are the prime factors of h?
3
What are the prime factors of 9/(-15) - (-233)/5?
2, 23
Suppose 0 = -7*m + 3*m + 72. List the prime factors of m.
2, 3
Let l be 1/((-9)/(-6) + -2). Let y(j) = -2*j + 4. Let k be y(-4). Let g = l + k. What are the prime factors of g?
2, 5
List the prime factors of -2 - ((-138)/3 - 0).
2, 11
Let a = 115 + -28. What are the prime factors of a?
3, 29
Let c be (-30)/(-10) - (3 + -1). Let v(u) = 10*u - 1. What are the prime factors of v(c)?
3
Suppose -5*x + 5 = -5. What are the prime factors of -4*(-3 - 0/x)?
2, 3
Let s = 8 + -6. Suppose 4*u = s*p + 12, -12 = -4*p - 2*u + u. Let i(k) = -k + 4. List the prime factors of i(p).
2
Let s = -5 - -7. Suppose 18 = -s*x - x. What are the prime factors of ((-14)/(-6))/((-2)/x)?
7
Let m(o) = 9*o**3 - 18*o**2 + 15. Let w(g) = -4*g**3 + 9*g**2 - 7. Let i(s) = -3*m(s) - 7*w(s). What are the prime factors of i(9)?
2
Suppose 4*w = -4*d - 16, 0*w - 3*d - 14 = 4*w. Let m = -11 - w. List the prime factors of (-6)/m - 31/(-3).
11
Let g(z) = -4*z + 5. Let i be g(-4). Let y = -9 + i. Suppose 4*o - y = o. What are the prime factors of o?
2
Let p = -1 + 4. Let o = p + -1. Suppose -32 = -3*f + 4*v - 4, -o*f + 5*v + 21 = 0. List the prime factors of f.
2
Let m = 36 + -4. List the prime factors of m.
2
Let i(w) = 58*w**2 + w - 1. Let s be i(1). Let k = s - 41. List the prime factors of k.
17
Suppose 0 = 2*k - 28. What are the prime factors of k?
2, 7
Let s(k) = -3*k**2 + 23*k + 27. Let p(z) = 4*z**2 - 34*z - 40. Let f(r) = -5*p(r) - 7*s(r). What are the prime factors of f(-9)?
11
Let n = 5 + -3. Suppose -4*z + 71 + 57 = -3*i, -3*i - 58 = -n*z. Suppose 6*x = x + z. What are the prime factors of x?
7
Let y(h) = 3*h**2 - h - 2. Let u(f) = f - 1. Let c = 4 + -1. Let m be u(c). What are the prime factors of y(m)?
2
Suppose 3*n - 1 = 5. List the prime factors of n + (24 + -2 - 1).
23
Suppose -1504 = -23*s + 15*s. What are the prime factors of s?
2, 47
Suppose -2*x + 1105 = 3*x. What are the prime factors of x?
13, 17
Suppose o + 6 = -16. Let z = o - -36. What are the prime factors of z?
2, 7
Let l(y) = y**3 + 17*y**2 + 14*y + 1. Let v = -34 + 18. What are the prime factors of l(v)?
3, 11
Suppose 2*n - 4 = 6, 5*n = -3*d + 1. Let u = -11 - d. List the prime factors of 22/u*(-3)/2.
11
Suppose 2*a = r + 4, 3 + 0 = a. What are the prime factors of (-9)/(-2) + r/(-4)?
2
Let k be 93/7 + 4/(-14). Let q be k/3 - (-1)/(-3). Suppose 0 = -q*r + 4*g + 20, -5*g + 5 + 0 = r. List the prime factors of r.
5
Suppose -2*k - 3*t + 77 = 0, 3*t + 57 = k + 23. Suppose -k = -2*y + u - 6*u, -50 = -4*y - 2*u. What are the prime factors of y?
11
Suppose 0 = 2*l - 69 + 25. Suppose 3*o = -m + 60, o + 2*m - l = m. Let t = -3 + o. What are the prime factors of t?
2
Suppose -2*q = -5 + 1. Let b = q + -6. Let p = -2 - b. What are the prime factors of p?
2
Suppose 0 = -3*g + 2*s + 17, -3*g + 5 = -g + 5*s. Let h = g + 0. What are the prime factors of h?
5
Let g(v) = v + 10*v**2 - 1 + 2 - 2. Let q be g(1). Suppose -15 = -5*s + q. What are the prime factors of s?
5
Suppose 30*d + 496 = 38*d. What are the prime factors of d?
2, 31
Let f = 13 - 13. Suppose f = -z + 2*z - 13. What are the prime factors of z?
13
Suppose 0 = 3*a + 2*a + 3*c - 129, a - 17 = -5*c. List the prime factors of a.
3
List the prime factors of 4/1 - (-75 - 2).
3
Let g = -1 - -2. Let t be (-18)/4*(1 + g). Let p = t - -19. What are the prime factors of p?
2, 5
Let u = 255 + -135. What are the prime factors of u?
2, 3, 5
Suppose 0*a = -3*a + r + 481, -a = 2*r - 158. List the prime factors of a.
2, 5
Suppose -5*s - 37 + 237 = 0. Suppose -3*d + 2 = -s. What are the prime factors of d?
2, 7
Let k = 467 - 275. List the prime 